e greatest common factor of 2200092 and 5191584.
15828
What is the greatest common factor of 20129797 and 38?
19
Calculate the highest common divisor of 9482742 and 1588.
794
Calculate the greatest common divisor of 3863163 and 645.
129
Calculate the highest common divisor of 508254 and 23439714.
4002
Calculate the highest common divisor of 3750 and 104742500.
1250
What is the highest common divisor of 9860 and 94124720?
580
Calculate the highest common divisor of 180 and 2074580.
20
What is the highest common factor of 20350 and 2590?
370
Calculate the highest common divisor of 23093319 and 97621.
2381
Calculate the greatest common factor of 432 and 195139179.
27
Calculate the greatest common factor of 1717 and 8898259.
17
What is the highest common divisor of 317119117 and 28?
7
Calculate the highest common divisor of 3543398 and 674656.
1454
What is the greatest common factor of 151960 and 1243190?
1310
Calculate the greatest common factor of 299691 and 716163.
1407
Calculate the highest common factor of 48863 and 2262991.
373
What is the highest common divisor of 378 and 10761387?
21
Calculate the greatest common divisor of 14955031 and 91.
91
Calculate the highest common factor of 70154 and 32912248.
10022
What is the highest common factor of 2483886887 and 41?
41
Calculate the greatest common factor of 267737886 and 209151.
12303
What is the highest common divisor of 1236 and 31833798?
618
Calculate the highest common factor of 1079793 and 55341.
1287
What is the highest common factor of 11554 and 894?
2
Calculate the greatest common factor of 3196764 and 708.
12
Calculate the highest common divisor of 211299 and 300333.
627
Calculate the highest common factor of 605 and 299746645.
605
Calculate the greatest common factor of 2033955 and 5505.
15
Calculate the highest common factor of 2769191 and 148.
37
What is the greatest common factor of 302107567 and 233?
233
What is the greatest common divisor of 1081455571 and 329?
329
What is the greatest common divisor of 113917596 and 7064?
3532
What is the highest common factor of 24252 and 3146568?
516
Calculate the highest common factor of 15 and 316000995.
15
Calculate the highest common factor of 40399 and 1412827.
569
Calculate the greatest common divisor of 41558 and 10703074.
3778
Calculate the highest common divisor of 195 and 77926173.
39
Calculate the highest common factor of 92254170 and 1770.
1770
What is the greatest common factor of 4520496 and 2337?
123
Calculate the greatest common factor of 27495 and 5031.
117
Calculate the highest common factor of 234986 and 1099943.
401
Calculate the greatest common factor of 437269209 and 12974.
6487
What is the highest common divisor of 735634 and 8954?
74
What is the greatest common divisor of 10976 and 118?
2
Calculate the highest common factor of 3741 and 1082009.
43
What is the greatest common divisor of 888 and 411288?
24
Calculate the highest common factor of 1456 and 8552.
8
What is the highest common factor of 8816 and 76670548?
2204
Calculate the highest common factor of 472976 and 23856.
112
What is the greatest common divisor of 2078169 and 957?
87
What is the greatest common factor of 93850 and 1050?
50
What is the greatest common factor of 21864932 and 36?
4
Calculate the highest common factor of 6910 and 41437888.
1382
Calculate the highest common factor of 64821 and 511598.
697
Calculate the greatest common factor of 6522101 and 185.
37
Calculate the highest common factor of 191291 and 32959.
23
Calculate the highest common factor of 7161383 and 2458.
1229
What is the highest common divisor of 30199 and 22282975?
299
Calculate the greatest common divisor of 8653932 and 9828.
756
Calculate the greatest common factor of 468 and 3211182.
234
What is the highest common divisor of 1136 and 3444368?
16
Calculate the greatest common divisor of 468908 and 638.
22
What is the greatest common divisor of 74015 and 2260?
565
What is the greatest common factor of 10694880 and 8865?
45
Calculate the greatest common factor of 72815808 and 9984.
2496
What is the greatest common divisor of 32585 and 605?
5
Calculate the highest common factor of 5700 and 79452395.
95
What is the highest common divisor of 1463 and 7581343?
77
Calculate the highest common factor of 55730 and 93350.
10
Calculate the greatest common divisor of 1921 and 671064851.
1921
What is the greatest common divisor of 3899 and 328727?
7
What is the highest common factor of 8132 and 2343308?
76
What is the highest common divisor of 630 and 428580?
90
What is the highest common factor of 1287440 and 5591894?
1694
What is the highest common factor of 19926900 and 14?
14
Calculate the greatest common factor of 78 and 5791006.
26
Calculate the highest common factor of 220781854 and 2986.
2986
What is the greatest common divisor of 16443 and 993076?
203
What is the highest common factor of 348 and 168685692?
348
What is the highest common factor of 6342 and 3078?
6
Calculate the highest common factor of 9505 and 47564921.
1901
What is the highest common factor of 257235876 and 16935?
3387
Calculate the highest common divisor of 9912 and 440832.
168
Calculate the greatest common factor of 121412875 and 610.
305
What is the highest common divisor of 92625651 and 3?
3
What is the greatest common divisor of 4006818 and 3?
3
Calculate the greatest common factor of 117 and 225901.
13
What is the greatest common factor of 11062953 and 81?
27
What is the greatest common divisor of 788833744 and 80?
16
Calculate the greatest common divisor of 837 and 33251437.
31
Calculate the highest common factor of 2039576 and 16072.
392
What is the highest common divisor of 10626545 and 15?
5
Calculate the greatest common divisor of 898576 and 322056.
3976
What is the greatest common factor of 150115596 and 656?
164
Calculate the greatest common factor of 176368 and 3650.
146
What is the highest common divisor of 10582 and 1162799?
407
Calculate the highest common divisor of 2938664 and 2024.
184
Calculate the greatest common factor of 793 and 41388672.
13
What is the highest common divisor of 145841 and 84602867?
5029
Calculate the highest common divisor of 24745 and 259065.
505
Calculate the highest common divisor of 331883304 and 412.
412
What is the highest common factor of 2376736 and 10693?
289
What is the greatest common divisor of 896167962 and 486?
486
What is the greatest common factor of 2172139 and 14309?
41
What is the highest common divisor of 126 and 29491317?
9
What is the greatest common factor of 400062 and 167250?
1338
What is the highest common factor of 140408318 and 3186?
118
What is the highest common divisor of 4215460 and 100?
20
What is the highest common factor of 24383 and 145447?
37
What is the greatest common divisor of 4875 and 1433445?
195
What is the highest common divisor of 4856 and 215644034?
1214
Calculate the greatest common divisor of 8817808 and 4592.
16
What is the greatest common divisor of 84088592 and 560?
112
Calculate the highest common factor of 14634 and 1988598.
1626
Calculate the highest common factor of 40316906 and 21.
7
What is the highest common factor of 2251688 and 10728?
1192
What is the greatest common divisor of 8080 and 1733867?
101
Calculate the greatest common divisor of 14703 and 7005726.
507
Calculate the greatest common factor of 317 and 117569911.
317
What is the greatest common divisor of 11177496 and 250470?
2178
What is the greatest common divisor of 2808064 and 48384?
1792
Calculate the highest common divisor of 28106649 and 43.
43
What is the greatest common factor of 25 and 222600?
25
What is the highest common divisor of 73 and 231661?
1
What is the greatest common factor of 397464 and 11064?
24
What is the greatest common divisor of 538295 and 846665?
2705
What is the greatest common divisor of 30675 and 91207?
409
Calculate the greatest common factor of 2092078 and 316.
158
Calculate the highest common divisor of 2026 and 477121987.
1013
What is the highest common divisor of 687 and 2442921849?
687
What is the greatest common divisor of 192764820 and 31?
31
What is the greatest common factor of 22875372 and 12?
12
Calculate the highest common divisor of 247140 and 720.
180
What is the highest common factor of 12631302 and 19